n base 13, what is -1 - 1c4?
-1c5
In base 2, what is 11 + 1100?
1111
In base 5, what is 10 + -12141?
-12131
In base 11, what is 6 + -13?
-8
In base 14, what is -da - 1?
-db
In base 15, what is 103 + 0?
103
In base 5, what is -1201 - 1030?
-2231
In base 5, what is 3 - -3103?
3111
In base 15, what is 4 - 1b8?
-1b4
In base 12, what is 7 - 4?
3
In base 7, what is 161 + -4?
154
In base 13, what is 145a + 2?
145c
In base 5, what is -1 + -3442?
-3443
In base 13, what is -9 - -1a?
11
In base 8, what is 1 - -4017?
4020
In base 6, what is 21 - 402?
-341
In base 5, what is 1044 + -4?
1040
In base 11, what is -409 + -4?
-412
In base 7, what is -1 + 233?
232
In base 7, what is -4043 + -4?
-4050
In base 10, what is 0 - -54?
54
In base 12, what is 3 - -18?
1b
In base 13, what is -2c58 + -2?
-2c5a
In base 7, what is 5166 - -2?
5201
In base 6, what is 202 + -22?
140
In base 3, what is -11 - -12200?
12112
In base 7, what is -3 - 666?
-1002
In base 11, what is 20a8 + -5?
20a3
In base 14, what is -4 + 17?
13
In base 2, what is -1010 - -11?
-111
In base 3, what is 1 - -2122?
2200
In base 7, what is -5 + 1?
-4
In base 6, what is -2 - -14433?
14431
In base 5, what is 43 - -21?
114
In base 16, what is -4d - 1?
-4e
In base 6, what is -1 + 231?
230
In base 7, what is -30 + 1?
-26
In base 9, what is 4 + 4337?
4342
In base 2, what is -10001010000111 - -101?
-10001010000010
In base 10, what is -4 + 36?
32
In base 12, what is -3 - -244?
241
In base 6, what is -1155 + 5?
-1150
In base 6, what is -5 + 12141?
12132
In base 11, what is -3 + 76?
73
In base 13, what is 3b - 2?
39
In base 6, what is -2 - -35?
33
In base 14, what is 1 + 273?
274
In base 5, what is -3213 - 1?
-3214
In base 9, what is 3 - 1533?
-1530
In base 4, what is -1 - -123331?
123330
In base 5, what is 20 - -22?
42
In base 7, what is -2 - -163?
161
In base 6, what is -1 - -450?
445
In base 6, what is -2 - -200?
154
In base 13, what is 5 + -3?
2
In base 2, what is -100 + 110010?
101110
In base 7, what is -26442 - 4?
-26446
In base 13, what is -1 + 146b?
146a
In base 8, what is -4 + -5?
-11
In base 14, what is 8 - 189?
-181
In base 16, what is 33 + 7?
3a
In base 11, what is -357 + a?
-348
In base 9, what is 2 - -121?
123
In base 12, what is 32 + 36?
68
In base 12, what is -122 - 24?
-146
In base 9, what is 624 + -1?
623
In base 5, what is -31 + 140?
104
In base 15, what is -5 - -80?
7a
In base 13, what is -3140 + -3?
-3143
In base 12, what is 2 + 76?
78
In base 3, what is 1 + 12?
20
In base 14, what is -3a0 - -1?
-39d
In base 8, what is 41751 + 4?
41755
In base 6, what is -5 - 45215?
-45224
In base 14, what is -13d + -17?
-156
In base 11, what is 1 - -4a?
50
In base 8, what is 2604 + 7?
2613
In base 13, what is 1ac0 + -8?
1ab5
In base 2, what is 11 - -1000011?
1000110
In base 8, what is 52 + 1516?
1570
In base 3, what is -10 - -10010110?
10010100
In base 4, what is 110 - 33?
11
In base 13, what is 8a - 1?
89
In base 11, what is 103 - -13?
116
In base 4, what is -103122 + 11?
-103111
In base 11, what is -3 - 84?
-87
In base 10, what is -133 - 9?
-142
In base 16, what is -8c7 + 4?
-8c3
In base 9, what is 512 + 0?
512
In base 14, what is 3 + 22b?
230
In base 12, what is -3 - -40?
39
In base 13, what is 9a - -1c4?
291
In base 6, what is -231 + 5?
-222
In base 2, what is -11 + -101010?
-101101
In base 10, what is -112 - 2?
-114
In base 12, what is -5 + 27a?
275
In base 13, what is 8c87 + -4?
8c83
In base 6, what is 5 - -2325?
2334
In base 13, what is 48 + -c8?
-80
In base 10, what is 3 - 43?
-40
In base 9, what is -148 + -1?
-150
In base 16, what is 142 - -2?
144
In base 12, what is bb89 + -4?
bb85
In base 7, what is -4 - 6342?
-6346
In base 13, what is -21 + -3?
-24
In base 2, what is 10 + 110000100?
110000110
In base 3, what is 101221 + 12?
102010
In base 7, what is 1264 - -5?
1302
In base 9, what is 22 - -10?
32
In base 5, what is 1 + -10?
-4
In base 8, what is -1 - 1645?
-1646
In base 8, what is 5 + -366?
-361
In base 3, what is -112021 - -12?
-112002
In base 15, what is a2aa - 0?
a2aa
In base 7, what is 42 + -105?
-33
In base 6, what is -105 + 0?
-105
In base 16, what is -10 - 48?
-58
In base 7, what is -4 - -216?
212
In base 4, what is 0 - -2?
2
In base 4, what is -30 + 31102?
31012
In base 7, what is -3333 - -2?
-3331
In base 10, what is 1 + -3713?
-3712
In base 8, what is 406 - 5?
401
In base 5, what is 423 + -134?
234
In base 8, what is 2 + -452?
-450
In base 6, what is -2 + 10?
4
In base 14, what is 1a2 + -1?
1a1
In base 5, what is 3 + 43003?
43011
In base 2, what is -1100001 - 10?
-1100011
In base 9, what is 2 - -303?
305
In base 6, what is -4 + 5524?
5520
In base 14, what is 1039 - -3?
103c
In base 2, what is 11 - 1010110111001?
-1010110110110
In base 15, what is -9 - 7?
-11
In base 13, what is -9 + -79?
-85
In base 15, what is -e3c + 4?
-e38
In base 12, what is -582 + 5?
-579
In base 12, what is -348 - a?
-356
In base 4, what is -1 - -23121?
23120
In base 4, what is 311 - -11?
322
In base 11, what is 393 - 1?
392
In base 13, what is 6 + -21?
-18
In base 13, what is 798 - -5?
7a0
In base 9, what is 20 + -4?
15
In base 9, what is -11 - 280?
-301
In base 12, what is -17 + -1?
-18
In base 5, what is -2332 + 0?
-2332
In base 3, what is 1 + 10122120?
10122121
In base 6, what is -3555 + -23?
-4022
In base 4, what is 0 - 113?
-113
In base 16, what is -28 + -b?
-33
In base 2, what is 101 + 10000011?
10001000
In base 8, what is 265 - 0?
265
In base 7, what is -53 + 2010?
1624
In base 11, what is 7 + -101?
-a5
In base 2, what is -110010110 - 1?
-110010111
In base 14, what is 4 + 11a?
120
In base 5, what is -1 - 30?
-31
In base 10, what is 5 + -12?
-7
In base 2, what is -111001111100 + -11?
-111001111111
In base 14, what is c - 11?
-3
In base 12, what is -4 + 30b?
307
In base 10, what is 883 + -5?
878
In base 13, what is 76 - -3?
79
In base 7, what is -2531 + 0?
-2531
In base 14, what is 4 - 44?
-40
In base 3, what is 120222 - 2?
120220
In base 6, what is 11424 + 4?
11432
In base 4, what is -10 + 1112?
1102
In base 12, what is 13 + 85?
98
In base 14, what is -4 - -10?
a
In base 16, what is c + -9?
3
In base 9, what is 337 + 5?
343
In base 13, what is -169 - 1?
-16a
In base 11, what is -2a - -4?
-26
In base 11, what is -77 + -5?
-81
In base 8, what is 16 - -1375?
1413
In base 4, what is -1203 + -1?
-1210
In base 14, what is -34 - -9?
-29
In base 12, what is 7b + 4?
83
In base 8, what is 0 + 632?
632
In base 13, what is -2 + -2b5?
-2b7
In base 7, what is 2 - 1020?
-1015
In base 16, what is -3b - d?
-48
In base 7, what is 6 - 20?
-11
In base 15, what is -43 + 54?
11
In base 11, what is -1480 - -4?
-1477
In base 3, what is -11222022 + 10?
-11222012
In base 13, what is -47 + -b?
-55
In base 14, what is 14 - 1b?
-7
In base 7, what is 4 - -21?
25
In base 13, what is b6 - -4?
ba
In base 7, what is 0 - 143?
-143
In base 11, what is -879 + -5?
-883
In base 5, what is -1 + 3341?
3340
In base 12, what is 1 + 683?
684
In base 13, what is c5 + -5?
c0
In base 13, what is -5 - -3b?
36
In base 4, what is 11 - 10123?
-10112
In base 3, what is 1 + -220?
-212
In base 9, what is -31 + -5?
-36
In base 10, what is 22 + 8?
30
In base 10, what is -156 + 0?
-156
In base 9, what is 1 - 5514?
-5513
In base 6, what is 430 - 114?
312
In base 6, what is -33255 - 3?
-33302
In base 7, what is -10 + -1005?
-1015
In base 6, what is 3 - 131?
-124
In base 11, what is 50 + 14?
64
In base 10, what is 314 + -17?
297
In base 12, what is -1 + -a4?
-a5
In base 4, what is -3 + 1222?
1213
In base 16, what is 5 - 330?
-32b
In base 11, what is -15a - 0?
-15a
In base 5, what is 1403444 - -4?
1404003
In base 16, what is 162f + -4?
162b
In base 4, what is -103 - 231?
-1000
In base 6, what is -13 + -244?
-301
In base 9, what is -3 + -10?
-13
In base 10, what is -2 + -8591?
-8593
In base 14, what is 4 + 59?
5d
In base 7, what is -65 + 4?
-61
In base 3, what is 1 - -10001?
10002
In base 14, what is 30 + 82?
b2
In base 5, what is -24441 - 0?
-24441
In base 15, what is 148 + 0?
148
In base 9, what is 1 - 25?
-24
In base 5, what is -31 + 12?
-14
In base 3, what is 10 - -22200?
22210
In base 14, what is 15b - 12?
149
In base 10, what is 9 + -78?
-69
In base 8, what is -3570 - -1?
-3567
In base 7, what is 310 + 113?
423
In base 14, what is 1 - 1?
0
In base 12, what is